 divided by c.
1
Suppose 10 = 5*v, -4*k - 5*v + 4*v = -2. Suppose -97 = -3*g - 2*q, g - 4*g + 2*q + 89 = k. What is the remainder when g is divided by 11?
9
Suppose 0 = -2*g - 4*x + 280, -g - x = g - 295. Calculate the remainder when 9 is divided by 2/(-13) + g/(-39) - -9.
4
What is the remainder when 4 - (-28)/(-70)*(0 - 70) is divided by 19?
13
Suppose 0 = 2*w - 0*w + 3*y + 13, 5*y + 21 = -4*w. What is the remainder when 28 is divided by w?
0
Suppose 6*u = u - 40. Let a = u + 11. Suppose 0*w - 8 = -4*l + 2*w, -5*w = -5*l + 5. Calculate the remainder when l is divided by a.
0
Suppose 6 = 8*w - 18. Suppose 2*t = 2*h - 52, 3*t = -w*h + 8*t + 74. Calculate the remainder when h is divided by 10.
8
Let a(s) = s**2 + 6*s + 6. Let b be a(-4). Suppose 4*q - v - 87 = 0, 5*q - 3*v - 124 = -24. What is the remainder when 1393/21 + b/6 is divided by q?
20
Suppose -z + 3*h = -91, 7*z - 309 = 3*z + h. What is the remainder when -7 + 3 + -3 + z is divided by 18?
15
Let f = -68 + 74. What is the remainder when 12 is divided by f?
0
Let o(w) = -8*w - 3. Let n = 59 - 51. Suppose -16 - n = -i. What is the remainder when i is divided by o(-2)?
11
Suppose -5*n - 1165 = -10*n - 2*o, -3*o = -4*n + 955. Calculate the remainder when n is divided by 78.
1
Let o = -243 - -266. What is the remainder when 65 is divided by o?
19
Suppose -20 = 4*j, -16 = w + 4*j - 41. What is the remainder when w is divided by 27?
18
Suppose -g + d = -2, 10 = 2*g - 0*d + d. Suppose 32 = 3*u - g. What is the remainder when 142 is divided by u?
10
Let l = -129 + 221. What is the remainder when l is divided by 19?
16
Let m(c) = 0 + 2*c**2 - 5*c**2 + 0*c**2 + 7*c - 3. Let a be m(5). Let v = a - -84. What is the remainder when v is divided by 11?
8
Let m be 6 - 1 - 3/1. Suppose -3*h - m*g = -100, -2*h - 2*g = -0*h - 64. Calculate the remainder when 69 is divided by h.
33
Let r = -770 - -808. What is the remainder when 74 is divided by r?
36
Let w = 650 + -452. Calculate the remainder when w is divided by 41.
34
Suppose b = 7 + 22. Suppose -5*u = -u - 336. What is the remainder when u is divided by b?
26
Let x be 8/(-14) + 21219/77. Suppose 5*f = 2*p - 93, 0*p - 4*f - x = -5*p. Let a = 37 - 22. Calculate the remainder when p is divided by a.
14
Calculate the remainder when 70 is divided by -1 + (30/6 - -2).
4
Let p(j) = 6*j**3 + 113*j**2 - 21*j + 8. What is the remainder when p(-19) is divided by 8?
6
Let h(r) = 5*r**3 + 21*r**2 - 3*r. What is the remainder when h(4) is divided by 72?
68
Suppose -2*l + g = -7, -4*l + 11 + 2 = -g. Suppose -h + 3*a - l = 0, 2*h - 14 = -a - 3*a. What is the remainder when 21 is divided by h?
0
Calculate the remainder when 970 is divided by -1 - (-28)/16 - 897/(-52).
16
Let t(o) = -o**3 - 9*o**2 - 28*o - 11. Calculate the remainder when 193 is divided by t(-6).
46
Let x(k) = -k**3 - 16*k**2 - 7*k - 6. Suppose -5*y = -10*y + 155. Let s = y + -4. What is the remainder when x(-16) is divided by s?
25
Suppose -2*p - p + 2*a + 34 = 0, -2*a - 2 = p. Let c = -17 + 25. Suppose -4*s = -108 - c. What is the remainder when s is divided by p?
5
Suppose q + 3 = -2. Let t be 6/(-4)*10/(-15). Let u = t - q. Calculate the remainder when 23 is divided by u.
5
Let t(f) = f**3 + 3*f**2 - 3*f + 2. Let a = 92 + -60. Calculate the remainder when a is divided by t(-3).
10
Let q = 6 - 5. Let s be (-6)/(q - (-20)/(-8)). Calculate the remainder when (s + -6)*(-42)/4 is divided by 6.
3
Let p(x) = -x**2 + 13*x + 19. What is the remainder when 2/4 - 34/(-4) is divided by p(14)?
4
Suppose -2*q + 7*q - 345 = 0. Let g = q + -60. Calculate the remainder when 15 is divided by g.
6
Let g(q) = -11*q + 36. Calculate the remainder when 101 is divided by g(0).
29
Let v(x) = -134*x - 1. What is the remainder when v(-1) is divided by 2/((-602)/(-119) + (1 - 6))?
31
Suppose -n = -j - 6*n + 36, 39 = 2*j - n. Calculate the remainder when 40 is divided by j.
19
Let b(v) = v**2 + 4*v. Let u be b(-9). Let l = 30 + u. What is the remainder when l is divided by 26?
23
Suppose 2*m + 4*s = 464, -3*m - 2*m + 5*s + 1160 = 0. What is the remainder when m is divided by 59?
55
Let m(u) = -2*u + 5 - 4 + u**2 + 3*u**3 + 1. What is the remainder when 7 is divided by m(1)?
3
Suppose -8*v - 411 = -3539. Calculate the remainder when v is divided by 28.
27
Suppose -198 = -11*s + 44. Let u = s - -56. Calculate the remainder when u is divided by 20.
18
Suppose -5*z = y - 20, -4*z - z + y = -20. Let m be 2/((-45)/(-12) + -4). What is the remainder when 17 is divided by m/(-1) - (z + -1)?
2
Let c(y) = -y - 5*y + 1 + 3 - y. Calculate the remainder when 35 is divided by c(-2).
17
Suppose 2*t = -3*f + 52, -112 = -3*t - 3*f + 7*f. What is the remainder when 254 is divided by t?
30
Suppose c = -c + 40. Suppose -30*l - 444 + 2754 = 0. Calculate the remainder when l is divided by c.
17
Suppose u - 5*z = -3, -17 = -3*u - 5*z + 34. Suppose 0 = c - 1, -5*f + 24 + 20 = 4*c. What is the remainder when u is divided by f?
4
Suppose -2*k + 9 = -5*k, 0 = -3*z - k + 114. Suppose 14 = 3*j + 4*j. Suppose 9 = -j*p + z. What is the remainder when 57 is divided by p?
12
Let u(z) = z**2 - 13*z - 16. Let l be u(15). Let c = l + 5. Calculate the remainder when c is divided by 7.
5
Let s = -114 - -228. Calculate the remainder when (s/18)/((-2)/(-6)) is divided by 5.
4
Let s = -905 + 918. What is the remainder when 72 is divided by s?
7
Let b = -58 - -58. Suppose 0 = -2*x - 6, x = k - 10 - b. What is the remainder when 47 is divided by k?
5
Suppose 0 = -4*q + 4*p + 176, 2*q + 5*p - 9 = 51. Suppose -25*v + 24*v + 7 = 0. Calculate the remainder when q is divided by v.
5
Let o(q) = q**2 - 8*q + 8. Let m be o(7). Suppose m = -5*h + 31. Let k(z) = 2*z + 13. Calculate the remainder when k(2) is divided by h.
5
Suppose -3*i = 9, 6 = y - i - 3. What is the remainder when 6 is divided by y?
0
Let n(l) = l**2 + 14*l - 213. Calculate the remainder when n(20) is divided by 89.
22
Suppose -p = 4*p + 5*q - 10, -q - 4 = 4*p. Let t = 89 + -48. Calculate the remainder when t is divided by (p/3)/((-10)/165).
8
What is the remainder when 150 is divided by 5/(15/(-4))*(-33)/2?
18
Let s(a) = -7 + 3*a - a**2 + 6 + 0*a**2 + 7*a - 8. Let u = 17 + -10. Calculate the remainder when 58 is divided by s(u).
10
What is the remainder when 102 is divided by ((99/2)/(-11))/(2/(-24))?
48
Suppose 5*m = -5*m + 30. Suppose -5*k = 5*i - 65, -5*k + 72 = m*i + 23. Calculate the remainder when i is divided by 4.
0
Let n(a) = -a**3 + 7*a**2 + 8*a + 11. Let l = 577 + -1597. Calculate the remainder when n(8) is divided by 4/(-14) + l/(-140).
4
Suppose 0 = -29*x + 5*x + 3048. What is the remainder when x is divided by 8?
7
Let z(i) = i**2 + 2*i + 49. What is the remainder when z(-11) is divided by 31?
24
Suppose 2 = -5*p + 3*p. Calculate the remainder when 2 - p - (-57)/2*2 is divided by 16.
12
What is the remainder when 139 is divided by 5*(-18)/30*-13?
22
Let m = 63 + -46. Suppose -m*r = -23*r + 114. Calculate the remainder when 55 is divided by r.
17
Suppose 2*x = 3 - 5. What is the remainder when (2 + x + -2)*-33 is divided by 17?
16
Suppose -4 = -o, -3*i + 5*o = 9*o - 1270. Calculate the remainder when i is divided by 20.
18
Suppose -3*r + 24 = -6. Let k(h) = -h**3 + 6*h**2 + 2*h + 12. Calculate the remainder when k(5) is divided by r.
7
Let d be 10/35 + 523/7. Let h = d - 62. What is the remainder when 35 is divided by h?
9
Suppose -12 + 45 = -3*l. Let f be 82/4 - 9/(-6). Let q = l + f. What is the remainder when 30 is divided by q?
8
Let q(s) = s**2 - 3*s + 5. Let f be q(-8). Suppose 69 = 3*p - f. Suppose 6 = 5*o - p. What is the remainder when o is divided by 5?
2
What is the remainder when 211 is divided by (-3)/2*7172/(-489)?
13
Let m = 459 - 437. Calculate the remainder when 41 is divided by m.
19
Suppose 3*l + j + 207 = 0, 3*l + 5*j - 7*j + 198 = 0. Calculate the remainder when 121 is divided by (l/102)/(2/(-93)).
28
Let r(s) = 9*s - 67. Suppose -38 = -3*q + 4. Calculate the remainder when r(12) is divided by q.
13
Let j = 29 - 14. What is the remainder when 4/(-18) + 16764/594 is divided by j?
13
Suppose -2992 = -38*b - 6*b. What is the remainder when b is divided by 5?
3
What is the remainder when ((-8)/(-4) - -34) + -8 is divided by 12?
4
Suppose 3*v - 3*q - 45 = 0, 3*v - 30 = v - q